a composite number?
False
Suppose 0*c = 2*c - 3*p - 1453, -4*p = -c + 739. Is c a composite number?
False
Let h(i) = 4*i - 3 + 7*i**2 + 4 + 2*i**2. Is h(4) a prime number?
False
Let m(y) = 82*y + 23. Is m(3) prime?
True
Let z be (5/(-2))/((-1)/2). Suppose 2*o - 4*o - 29 = -a, -2*o - 113 = -z*a. Is a composite?
True
Suppose 26 = s - 3*s. Let r = 5 + s. Let b(o) = o**3 + 10*o**2 + 13*o + 11. Is b(r) a prime number?
False
Suppose 4*j = 8 + 8. Is 1 + 8/j - -74 prime?
False
Is (-19)/(-5 - (-414)/83) prime?
False
Suppose d - 2 = 2*z, 0*d = 4*z - 3*d + 2. Let q(r) = -31*r**3 - 3*r**2 - 2*r + 2. Let a be q(z). Suppose a = 4*v - 2*v. Is v composite?
True
Let y = -1 - -164. Is y prime?
True
Let p(s) = 20*s**2 + 1. Is p(-1) a prime number?
False
Is (585/6 + 4)*2 prime?
False
Is (-12782)/(-8) + (-48)/64 a composite number?
False
Let w(y) = 79*y**3 - y**2 + 3. Is w(2) a prime number?
True
Suppose 6*x + 450 - 3972 = 0. Is x a prime number?
True
Let z = 716 - 387. Is z a composite number?
True
Let g(w) = 2*w**3 + 3*w**2 + 4*w - 4. Suppose 2*k + 4*z + 4 = -2*k, 0 = 2*k + 4*z + 10. Suppose 0*q = -k*p - 3*q + 21, 2*p = -5*q + 26. Is g(p) prime?
True
Let b(l) = -l**2 - 10*l + 3. Is b(-8) a composite number?
False
Suppose -53 = -m - 4*d, -36 = 3*m + 2*d - 245. Suppose z - 88 - m = 0. Is z a composite number?
True
Suppose 2*a - 2566 = 2496. Is a a prime number?
True
Let w = -921 - -1298. Is w a prime number?
False
Suppose 0*f + 11 = f. Suppose -f = -3*d + 2*d. Is d prime?
True
Let s(j) = j + 1. Let l be s(0). Let h(f) = 3*f + 0 - 2 - l. Is h(2) a composite number?
False
Let u(v) = -23*v**3 + 3*v**2 + 2*v - 1. Is u(-2) a prime number?
True
Suppose 0 = 2*f - 4*n - 102, f + 0*n - 53 = n. Is f a composite number?
True
Suppose -j + 3*i + 12 = 2*j, 0 = 2*j - 5*i - 5. Suppose 5*f + 4*p = 253, f - j*p - 27 - 12 = 0. Is f a prime number?
False
Let u(c) be the second derivative of -49*c**5/10 - c**4/12 - c**3/6 - c**2/2 + c. Is u(-1) a prime number?
True
Suppose 4*b + 5*o - 7282 = 0, -2*b - o + 2905 = -739. Is b composite?
False
Let a = -4 - -6. Is 0 + 0 - (a + -21) a prime number?
True
Suppose 4*l - l - 11 = -w, 4 = 2*w. Suppose l*r = -0*r + 237. Is r composite?
False
Let h be 1*6/(-2) - -2. Is (-258)/6*(-4 - h) composite?
True
Let u be 2 - (3 + -1)/1. Suppose 0 = -3*l - u*l - 9, -2*r = -5*l - 101. Is r prime?
True
Let y(d) be the second derivative of d**5/20 + d**4/12 + d**3/2 + d**2 + 2*d. Let o be y(3). Suppose 3*u + o - 242 = 0. Is u a composite number?
True
Let n(w) = -85*w - 3. Let i be n(4). Suppose m - 3*m - 524 = z, 4*z + 4*m = -2116. Let v = i - z. Is v prime?
True
Let m(x) = x**3 - 1. Let u be m(0). Let r = 0 + 70. Is r - (0 + u)*-3 prime?
True
Suppose 4*c - 209 = 99. Is c a prime number?
False
Suppose -15 = -3*u + 2*u. Suppose -p + 6*p - 20 = 0. Suppose -4*h - z - u = -41, 4*h - p*z = 36. Is h a composite number?
False
Let j(v) = -v - 2. Let a be j(-9). Suppose -2*y = -a*y + 195. Is y a prime number?
False
Let m(s) = 12*s + 47. Is m(12) a composite number?
False
Let c(k) = 3*k**2 + 9*k + 7. Is c(9) composite?
False
Let o = 37 + -26. Let u = o - 15. Let d(v) = -51*v - 1. Is d(u) a composite number?
True
Suppose 8*j = 1174 + 946. Is j composite?
True
Let k be (-2)/6 + (-406)/42. Is 6419/35 + 4/k prime?
False
Let n(g) = 19*g + 5. Is n(8) a composite number?
False
Let o = -75 - -342. Let y = o - 140. Is y composite?
False
Suppose -7*l + 80815 = -2*l. Is l composite?
True
Let c(x) = x**3 + 20*x**2 - 7. Is c(-18) prime?
True
Suppose -5*w = -6*w - 2. Is (-614)/(-6) - w/3 prime?
True
Let h = 13 - 42. Let b = h - -52. Is b prime?
True
Is (-6 + 8)*(-1814)/(-4) a composite number?
False
Suppose -5 - 3 = 4*k. Let z = 8 - k. Is z prime?
False
Let q(z) = z**3 - 4*z**2 + z - 2. Let x be q(4). Suppose -7*p + 115 = -x*p. Is p a prime number?
True
Suppose 0 = -5*o + 15, -14216 = -5*w - 0*w + 3*o. Is w a prime number?
False
Let u = 15 - -12. Let o be 2/9 - 6/u. Suppose p - 5*p + 212 = o. Is p prime?
True
Let y(q) = 11*q + 2. Let m(s) = 23*s + 4. Let t(v) = 2*m(v) - 5*y(v). Let l be t(2). Is 267/5 + 8/l composite?
False
Let d = -5113 + 10842. Is d composite?
True
Suppose -10 = 4*a - 26. Suppose 3*h + 0*j - 87 = 2*j, -147 = -5*h + a*j. Let q = 94 - h. Is q a composite number?
False
Let d(k) = 31*k**2 - 2*k + 3. Let f(b) = b - 1. Let x be f(3). Is d(x) a composite number?
True
Suppose 2*p + 8 = -2*p. Let y(j) = -2*j. Let q be y(p). Let n(m) = 14*m - 3. Is n(q) a prime number?
True
Let v(y) = y**2 + y + 3. Suppose -5*o - 4*m + 12 = -o, -4*o + m = -17. Is v(o) a composite number?
False
Let v = 26 + -5. Is 3/v - (-1872)/28 a prime number?
True
Let s = 4 - 10. Let w(p) = p**3 + 7*p**2 + 4*p + 3. Is w(s) a composite number?
True
Let i = -191 - -414. Is i prime?
True
Let y = -4 + 4. Suppose 4*c + 5*s - 3*s + 32 = y, 2*c + 4 = 2*s. Is c*(-2 - (-15)/(-2)) a prime number?
False
Let u(t) = -57*t - 13. Is u(-10) composite?
False
Let a = -924 - -1443. Is a a prime number?
False
Let w = -1755 + 3556. Is w a prime number?
True
Let y(d) = d**2 - 8*d - 22. Let s(v) = v**2 - 7*v - 21. Let g(i) = 5*s(i) - 4*y(i). Is g(16) composite?
False
Suppose z = 4*z - 36. Suppose 0 = 2*d + b + 9, -2*b + 4*b = -3*d - z. Is 2/d - (-142)/3 composite?
False
Is (23697/6)/(92/40 - 2) a composite number?
True
Let d(v) be the third derivative of -41*v**6/360 + v**5/120 - v**4/12 + 3*v**2. Let k(u) be the second derivative of d(u). Is k(-1) composite?
False
Let b = -37 - -72. Suppose -12 = 4*i + 8, 20 = 5*t - i. Suppose 2*m - t = b. Is m a prime number?
True
Let w(n) = -2*n + 8*n**3 - 2*n**2 - n - n**2 - 7*n**3 + 2. Let o be w(5). Suppose 2*b + p - o = -2*b, -4*b - 4*p + 28 = 0. Is b a composite number?
True
Let k be (1 + (-9)/6)*-8. Suppose k*x + b + 16 = 0, -2*x - 3*b - 25 = -7. Let d = 10 + x. Is d a prime number?
True
Let m(a) = -3*a - 5. Let q be m(4). Let c = -12 - q. Is (c/2)/(2/76) a prime number?
False
Suppose 0 = -3*o - 2 + 5. Let c be o/1 + 1 + -5. Is (46/(-4))/(c/6) a composite number?
False
Suppose 907 = 4*w + 335. Is w a prime number?
False
Let z be (-2)/(15/9 + -2). Suppose 888 = 3*m - z*m. Let v = 455 + m. Is v a composite number?
True
Suppose 3*d + 33 = -0*d. Let m = d + 9. Let o(l) = 10*l**2 + 3*l + 3. Is o(m) a composite number?
False
Suppose -23 - 47 = -2*j. Is j a composite number?
True
Let j = -40 - -13. Is 6/27 - 2289/j a prime number?
False
Suppose -5*p + 1149 = 3*m + 109, -1435 = -4*m + 3*p. Is m a composite number?
True
Let i = -746 + 1437. Is i prime?
True
Let p be -54*(-2)/((-4)/(-11)). Suppose 3*u + 6*n - 918 = 3*n, -p = -u + 2*n. Is u a prime number?
False
Suppose 5*z + 188 = 1863. Is z prime?
False
Suppose -4*f - 42857 = -21*f. Is f a composite number?
False
Let f(h) = 5*h**3 - 7*h**2 - h + 6. Suppose -k - k = -10. Let i be f(k). Suppose 3*p - i + 70 = 0. Is p prime?
True
Suppose -8*y - 19785 = -23*y. Is y composite?
False
Let r = -269 - -895. Is r prime?
False
Suppose 0*t + 3*t = 6. Let k = t - 3. Is 23 - (0 + 0)/k composite?
False
Let y be (-156)/28 - 9/21. Let a(i) = i**3 + 6*i**2 + 3. Let j be a(y). Suppose j*p = 4*w + 290, w + 0*w = p - 96. Is p composite?
True
Suppose -4*h - 284 = -0*h. Is (1 + h)*(-3)/6 a prime number?
False
Let d(z) = -38*z**3 - 3*z**2 + z - 3. Let o be d(-3). Suppose -s + 4*s - o = 0. Is s prime?
True
Let f = -2 - -1. Let u be (-114)/15*(f + -4). Suppose -c + 3*c - u = 0. Is c prime?
True
Suppose -2*j - 48 = -3*j + 5*t, -2*t = -4*j + 228. Is j prime?
False
Let o(u) = 8*u - 9. Let z = 17 - 7. Suppose -3*d + 19 = -r, -2*d - 2*r + z = -4*r. Is o(d) prime?
True
Suppose -4*q + 6 = -3*q. Let w be 6/4*16/q. Suppose -r + w + 27 = 0. Is r composite?
False
Suppose -386 = -5*m + 3*k, 4*m = -2*k - 102 + 402. Let i be -1*(49 - 2*-1). Let f = m + i. Is f a prime number?
False
Let o(r) = r**2 + 3*r + 1. Let j be o(-3). Is j/(0 + (-2)/(-130)) prime?
False
Is 417/2 + 4/8 composite?
True
Suppose 8*p - 5*p = 417. Is p a prime number?
True
Let g = -19 - -19. Suppose s + m - 131 = -0*m, -2*s + m + 250 = g. Is s prime?
True
Suppose 0*s - s + 9 = 0. Let g = s - 6. Suppose 2*i - 19 = w, 5*w + g = -3*i - 1. Is i a prime number?
True
Suppose 0 = -x - 3*x + 628. Suppose 0 = 8*z - 9*z + x. Is z composite?
False
Let y(q) = q**2 - 3*q**2 - q**3 - 5*q**2 + 7 - q. Let c = 8 + -15. Is y(c) a 